[INFO] cloning repository https://github.com/MstKenway/TunnelForward
[INFO] running `Command { std: "git" "-c" "credential.helper=" "-c" "credential.helper=/workspace/cargo-home/bin/git-credential-null" "clone" "--bare" "https://github.com/MstKenway/TunnelForward" "/workspace/cache/git-repos/https%3A%2F%2Fgithub.com%2FMstKenway%2FTunnelForward", kill_on_drop: false }`
[INFO] [stderr] Cloning into bare repository '/workspace/cache/git-repos/https%3A%2F%2Fgithub.com%2FMstKenway%2FTunnelForward'...
[INFO] running `Command { std: "git" "rev-parse" "HEAD", kill_on_drop: false }`
[INFO] [stdout] 12737beb6a48f9ccd90a03b48b428b5229cd1c78
[INFO] checking MstKenway/TunnelForward against master#e6e4f7ed1589e03bc2f6c5931c1a72e7947e8682 for beta-170-4
[INFO] running `Command { std: "git" "clone" "/workspace/cache/git-repos/https%3A%2F%2Fgithub.com%2FMstKenway%2FTunnelForward" "/workspace/builds/worker-5-tc2/source", kill_on_drop: false }`
[INFO] [stderr] Cloning into '/workspace/builds/worker-5-tc2/source'...
[INFO] [stderr] done.
[INFO] validating manifest of git repo https://github.com/MstKenway/TunnelForward on toolchain e6e4f7ed1589e03bc2f6c5931c1a72e7947e8682
[INFO] running `Command { std: CARGO_HOME="/workspace/cargo-home" RUSTUP_HOME="/workspace/rustup-home" "/workspace/cargo-home/bin/cargo" "+e6e4f7ed1589e03bc2f6c5931c1a72e7947e8682" "metadata" "--manifest-path" "Cargo.toml" "--no-deps", kill_on_drop: false }`
[INFO] started tweaking git repo https://github.com/MstKenway/TunnelForward
[INFO] finished tweaking git repo https://github.com/MstKenway/TunnelForward
[INFO] tweaked toml for git repo https://github.com/MstKenway/TunnelForward written to /workspace/builds/worker-5-tc2/source/Cargo.toml
[INFO] crate git repo https://github.com/MstKenway/TunnelForward already has a lockfile, it will not be regenerated
[INFO] running `Command { std: CARGO_HOME="/workspace/cargo-home" RUSTUP_HOME="/workspace/rustup-home" "/workspace/cargo-home/bin/cargo" "+e6e4f7ed1589e03bc2f6c5931c1a72e7947e8682" "fetch" "--manifest-path" "Cargo.toml", kill_on_drop: false }`
[INFO] running `Command { std: "docker" "create" "-v" "/var/lib/crater-agent-workspace/builds/worker-5-tc2/target:/opt/rustwide/target:rw,Z" "-v" "/var/lib/crater-agent-workspace/builds/worker-5-tc2/source:/opt/rustwide/workdir:ro,Z" "-v" "/var/lib/crater-agent-workspace/cargo-home:/opt/rustwide/cargo-home:ro,Z" "-v" "/var/lib/crater-agent-workspace/rustup-home:/opt/rustwide/rustup-home:ro,Z" "-e" "SOURCE_DIR=/opt/rustwide/workdir" "-e" "CARGO_TARGET_DIR=/opt/rustwide/target" "-e" "CARGO_HOME=/opt/rustwide/cargo-home" "-e" "RUSTUP_HOME=/opt/rustwide/rustup-home" "-w" "/opt/rustwide/workdir" "-m" "1610612736" "--user" "0:0" "--network" "none" "ghcr.io/rust-lang/crates-build-env/linux@sha256:19e73879b68f455e41552ea35293514db52ea292d993f571636dbffedb77a1ee" "/opt/rustwide/cargo-home/bin/cargo" "+e6e4f7ed1589e03bc2f6c5931c1a72e7947e8682" "metadata" "--no-deps" "--format-version=1", kill_on_drop: false }`
[INFO] [stdout] 37669262eca1086999e03a593160de4ac3f0829d0c55b429d1378a7859eb66f2
[INFO] running `Command { std: "docker" "start" "-a" "37669262eca1086999e03a593160de4ac3f0829d0c55b429d1378a7859eb66f2", kill_on_drop: false }`
[INFO] running `Command { std: "docker" "inspect" "37669262eca1086999e03a593160de4ac3f0829d0c55b429d1378a7859eb66f2", kill_on_drop: false }`
[INFO] running `Command { std: "docker" "rm" "-f" "37669262eca1086999e03a593160de4ac3f0829d0c55b429d1378a7859eb66f2", kill_on_drop: false }`
[INFO] [stdout] 37669262eca1086999e03a593160de4ac3f0829d0c55b429d1378a7859eb66f2
[INFO] running `Command { std: "docker" "create" "-v" "/var/lib/crater-agent-workspace/builds/worker-5-tc2/target:/opt/rustwide/target:rw,Z" "-v" "/var/lib/crater-agent-workspace/builds/worker-5-tc2/source:/opt/rustwide/workdir:ro,Z" "-v" "/var/lib/crater-agent-workspace/cargo-home:/opt/rustwide/cargo-home:ro,Z" "-v" "/var/lib/crater-agent-workspace/rustup-home:/opt/rustwide/rustup-home:ro,Z" "-e" "SOURCE_DIR=/opt/rustwide/workdir" "-e" "CARGO_TARGET_DIR=/opt/rustwide/target" "-e" "CARGO_INCREMENTAL=0" "-e" "RUST_BACKTRACE=full" "-e" "RUSTFLAGS=--cap-lints=forbid" "-e" "RUSTDOCFLAGS=--cap-lints=forbid" "-e" "CARGO_HOME=/opt/rustwide/cargo-home" "-e" "RUSTUP_HOME=/opt/rustwide/rustup-home" "-w" "/opt/rustwide/workdir" "-m" "1610612736" "--user" "0:0" "--network" "none" "ghcr.io/rust-lang/crates-build-env/linux@sha256:19e73879b68f455e41552ea35293514db52ea292d993f571636dbffedb77a1ee" "/opt/rustwide/cargo-home/bin/cargo" "+e6e4f7ed1589e03bc2f6c5931c1a72e7947e8682" "check" "--frozen" "--all" "--all-targets" "--message-format=json", kill_on_drop: false }`
[INFO] [stdout] c2ae2bed0f4b59281f5d3340343335fea05d1d1131702b92d2f4d1d3662ebe09
[INFO] running `Command { std: "docker" "start" "-a" "c2ae2bed0f4b59281f5d3340343335fea05d1d1131702b92d2f4d1d3662ebe09", kill_on_drop: false }`
[INFO] [stderr]    Compiling libc v0.2.88
[INFO] [stderr]    Compiling getrandom v0.2.2
[INFO] [stderr]    Compiling rust-crypto v0.2.36
[INFO] [stderr]     Checking ppv-lite86 v0.2.10
[INFO] [stderr]     Checking rustc-serialize v0.3.24
[INFO] [stderr]     Checking rand v0.4.6
[INFO] [stderr]     Checking time v0.1.44
[INFO] [stderr]     Checking rand_core v0.6.2
[INFO] [stderr]     Checking rand_chacha v0.3.0
[INFO] [stderr]     Checking rand v0.8.3
[INFO] [stderr]     Checking rand v0.3.23
[INFO] [stderr]     Checking tunnel_forward v0.1.0 (/opt/rustwide/workdir)
[INFO] [stdout] error[E0425]: cannot find value `tag` in this scope
[INFO] [stdout]    --> src/tunnel_core/cipher.rs:117:61
[INFO] [stdout]     |
[INFO] [stdout] 117 |     encryptor.encrypt(input, &mut output[..input_len], &mut tag[..]);
[INFO] [stdout]     |                                                             ^^^ not found in this scope
[INFO] [stdout] 
[INFO] [stdout] 
[INFO] [stdout] error[E0425]: cannot find value `tag` in this scope
[INFO] [stdout]    --> src/tunnel_core/cipher.rs:118:42
[INFO] [stdout]     |
[INFO] [stdout] 118 |     output[input_len..].copy_from_slice(&tag.to_vec());
[INFO] [stdout]     |                                          ^^^ not found in this scope
[INFO] [stdout] 
[INFO] [stdout] 
[INFO] [stdout] error[E0425]: cannot find value `tag` in this scope
[INFO] [stdout]    --> src/tunnel_core/cipher.rs:117:61
[INFO] [stdout]     |
[INFO] [stdout] 117 |     encryptor.encrypt(input, &mut output[..input_len], &mut tag[..]);
[INFO] [stdout]     |                                                             ^^^ not found in this scope
[INFO] [stdout] 
[INFO] [stdout] 
[INFO] [stdout] error[E0425]: cannot find value `tag` in this scope
[INFO] [stdout]    --> src/tunnel_core/cipher.rs:118:42
[INFO] [stdout]     |
[INFO] [stdout] 118 |     output[input_len..].copy_from_slice(&tag.to_vec());
[INFO] [stdout]     |                                          ^^^ not found in this scope
[INFO] [stdout] 
[INFO] [stdout] 
[INFO] [stdout] error[E0308]: arguments to this method are incorrect
[INFO] [stdout]    --> src/tunnel_core/cipher.rs:117:15
[INFO] [stdout]     |
[INFO] [stdout] 117 |     encryptor.encrypt(input, &mut output[..input_len], &mut tag[..]);
[INFO] [stdout]     |               ^^^^^^^ -----  ------------------------ expected `&mut RefWriteBuffer<'_>`, found `&mut [u8]`
[INFO] [stdout]     |                       |
[INFO] [stdout]     |                       types differ in mutability
[INFO] [stdout]     |
[INFO] [stdout]     = note: expected mutable reference `&mut RefReadBuffer<'_>`
[INFO] [stdout]                        found reference `&[u8]`
[INFO] [stdout]     = note: expected mutable reference `&mut RefWriteBuffer<'_>`
[INFO] [stdout]                found mutable reference `&mut [u8]`
[INFO] [stdout] note: method defined here
[INFO] [stdout]    --> /opt/rustwide/cargo-home/registry/src/index.crates.io-6f17d22bba15001f/rust-crypto-0.2.36/src/symmetriccipher.rs:37:8
[INFO] [stdout]     |
[INFO] [stdout] 37  |     fn encrypt(&mut self, input: &mut RefReadBuffer, output: &mut RefWriteBuffer, eof: bool)
[INFO] [stdout]     |        ^^^^^^^
[INFO] [stdout] 
[INFO] [stdout] 
[INFO] [stdout] error[E0308]: arguments to this method are incorrect
[INFO] [stdout]    --> src/tunnel_core/cipher.rs:117:15
[INFO] [stdout]     |
[INFO] [stdout] 117 |     encryptor.encrypt(input, &mut output[..input_len], &mut tag[..]);
[INFO] [stdout]     |               ^^^^^^^ -----  ------------------------ expected `&mut RefWriteBuffer<'_>`, found `&mut [u8]`
[INFO] [stdout]     |                       |
[INFO] [stdout]     |                       types differ in mutability
[INFO] [stdout]     |
[INFO] [stdout]     = note: expected mutable reference `&mut RefReadBuffer<'_>`
[INFO] [stdout]                        found reference `&[u8]`
[INFO] [stdout]     = note: expected mutable reference `&mut RefWriteBuffer<'_>`
[INFO] [stdout]                found mutable reference `&mut [u8]`
[INFO] [stdout] note: method defined here
[INFO] [stdout]    --> /opt/rustwide/cargo-home/registry/src/index.crates.io-6f17d22bba15001f/rust-crypto-0.2.36/src/symmetriccipher.rs:37:8
[INFO] [stdout]     |
[INFO] [stdout] 37  |     fn encrypt(&mut self, input: &mut RefReadBuffer, output: &mut RefWriteBuffer, eof: bool)
[INFO] [stdout]     |        ^^^^^^^
[INFO] [stdout] 
[INFO] [stdout] 
[INFO] [stdout] error: aborting due to 3 previous errors
[INFO] [stdout] 
[INFO] [stdout] 
[INFO] [stdout] Some errors have detailed explanations: E0308, E0425.
[INFO] [stdout] 
[INFO] [stdout] For more information about an error, try `rustc --explain E0308`.
[INFO] [stdout] 
[INFO] [stdout] error: aborting due to 3 previous errors
[INFO] [stdout] 
[INFO] [stdout] 
[INFO] [stdout] Some errors have detailed explanations: E0308, E0425.
[INFO] [stdout] 
[INFO] [stdout] For more information about an error, try `rustc --explain E0308`.
[INFO] [stdout] 
[INFO] [stderr] error: could not compile `tunnel_forward` (bin "tunnel_forward") due to 4 previous errors
[INFO] [stderr] warning: build failed, waiting for other jobs to finish...
[INFO] [stderr] error: could not compile `tunnel_forward` (bin "tunnel_forward" test) due to 4 previous errors
[INFO] running `Command { std: "docker" "inspect" "c2ae2bed0f4b59281f5d3340343335fea05d1d1131702b92d2f4d1d3662ebe09", kill_on_drop: false }`
[INFO] running `Command { std: "docker" "rm" "-f" "c2ae2bed0f4b59281f5d3340343335fea05d1d1131702b92d2f4d1d3662ebe09", kill_on_drop: false }`
[INFO] [stdout] c2ae2bed0f4b59281f5d3340343335fea05d1d1131702b92d2f4d1d3662ebe09
